{"id":298,"date":"2024-10-03T13:35:28","date_gmt":"2024-10-03T13:35:28","guid":{"rendered":"https:\/\/see-lac.vicha.ch\/?page_id=298"},"modified":"2026-08-04T07:01:41","modified_gmt":"2026-08-04T07:01:41","slug":"geschaeftsstelle-und-finanzverwaltung","status":"publish","type":"page","link":"https:\/\/see-lac.ch\/fr\/geschaeftsstelle-und-finanzverwaltung\/","title":{"rendered":"Administration et Finances"},"content":{"rendered":"<style>.wp-block-kadence-advancedheading.kt-adv-heading298_ab6922-49, .wp-block-kadence-advancedheading.kt-adv-heading298_ab6922-49[data-kb-block=\"kb-adv-heading298_ab6922-49\"]{font-style:normal;}.wp-block-kadence-advancedheading.kt-adv-heading298_ab6922-49 mark.kt-highlight, .wp-block-kadence-advancedheading.kt-adv-heading298_ab6922-49[data-kb-block=\"kb-adv-heading298_ab6922-49\"] mark.kt-highlight{font-style:normal;color:#f76a0c;-webkit-box-decoration-break:clone;box-decoration-break:clone;padding-top:0px;padding-right:0px;padding-bottom:0px;padding-left:0px;}.wp-block-kadence-advancedheading.kt-adv-heading298_ab6922-49 img.kb-inline-image, .wp-block-kadence-advancedheading.kt-adv-heading298_ab6922-49[data-kb-block=\"kb-adv-heading298_ab6922-49\"] img.kb-inline-image{width:150px;vertical-align:baseline;}<\/style>\n<h2 class=\"kt-adv-heading298_ab6922-49 wp-block-kadence-advancedheading\" data-kb-block=\"kb-adv-heading298_ab6922-49\">Gesch\u00e4ftsstelle und Finanzverwaltung<\/h2>\n\n\n<div class=\"gb-container gb-container-3270fc17 alignfull gbp-section\">\n<div class=\"gb-container gb-container-22e2cecb gbp-section__inner\">\n<div class=\"gb-container gb-container-9354bce1\">\n\n<h1 class=\"gb-headline gb-headline-969e9702 gb-headline-text gbp-section__headline\"><\/h1>\n\n\n\n<div class=\"gb-headline gb-headline-91f9ed9b gb-headline-text gbp-section__text\"><\/div>\n\n<\/div>\n<\/div>\n<\/div>\n\n<div class=\"gb-container gb-container-23c10787 gbp-section\">\n\n<h2 class=\"gb-headline gb-headline-5a2a07cb gb-headline-text\">Gesch\u00e4ftsstelle<\/h2>\n\n\n\n<div class=\"wp-block-media-text is-stacked-on-mobile\" style=\"grid-template-columns:19% auto\"><figure class=\"wp-block-media-text__media\"><img loading=\"lazy\" decoding=\"async\" width=\"683\" height=\"1024\" src=\"https:\/\/see-lac.ch\/wp-content\/uploads\/2026\/07\/See_Lac_GL_Silvia-Hyka-683x1024.jpg\" alt=\"\" class=\"wp-image-1056 size-full\" srcset=\"https:\/\/see-lac.ch\/wp-content\/uploads\/2026\/07\/See_Lac_GL_Silvia-Hyka-683x1024.jpg 683w, https:\/\/see-lac.ch\/wp-content\/uploads\/2026\/07\/See_Lac_GL_Silvia-Hyka-200x300.jpg 200w, https:\/\/see-lac.ch\/wp-content\/uploads\/2026\/07\/See_Lac_GL_Silvia-Hyka-768x1152.jpg 768w, https:\/\/see-lac.ch\/wp-content\/uploads\/2026\/07\/See_Lac_GL_Silvia-Hyka-50x75.jpg 50w, https:\/\/see-lac.ch\/wp-content\/uploads\/2026\/07\/See_Lac_GL_Silvia-Hyka-1600x2400.jpg 1600w, https:\/\/see-lac.ch\/wp-content\/uploads\/2026\/07\/See_Lac_GL_Silvia-Hyka-1024x1536.jpg 1024w, https:\/\/see-lac.ch\/wp-content\/uploads\/2026\/07\/See_Lac_GL_Silvia-Hyka-1366x2048.jpg 1366w, https:\/\/see-lac.ch\/wp-content\/uploads\/2026\/07\/See_Lac_GL_Silvia-Hyka-8x12.jpg 8w, https:\/\/see-lac.ch\/wp-content\/uploads\/2026\/07\/See_Lac_GL_Silvia-Hyka-scaled.jpg 1707w\" sizes=\"auto, (max-width: 683px) 100vw, 683px\" \/><\/figure><div class=\"wp-block-media-text__content\">\n<p class=\"wp-block-paragraph\">Silvia Hyka, Leiterin Gesch\u00e4ftsstelle<br>silvia.hyka@see-lac.ch<br>026 672 30 20<br>076 242 49 75<\/p>\n<\/div><\/div>\n\n\n\n<div class=\"wp-block-media-text is-stacked-on-mobile\" style=\"grid-template-columns:19% auto\"><figure class=\"wp-block-media-text__media\"><img loading=\"lazy\" decoding=\"async\" width=\"683\" height=\"1024\" src=\"https:\/\/see-lac.ch\/wp-content\/uploads\/2026\/07\/072-f2025-683x1024.jpg\" alt=\"\" class=\"wp-image-953 size-full\"\/><\/figure><div class=\"wp-block-media-text__content\">\n<p class=\"wp-block-paragraph\">Emilie Bertrang, admin. Mitarbeiterin<br>emilie.bertrand@feuerwehr-see.ch<br>026 672 30 20<\/p>\n<\/div><\/div>\n\n\n\n<div class=\"wp-block-media-text is-stacked-on-mobile\" style=\"grid-template-columns:18% auto\"><figure class=\"wp-block-media-text__media\"><img loading=\"lazy\" decoding=\"async\" width=\"683\" height=\"1024\" src=\"https:\/\/see-lac.ch\/wp-content\/uploads\/2026\/07\/martina-scaled-1-683x1024.jpg\" alt=\"\" class=\"wp-image-1088 size-full\" srcset=\"https:\/\/see-lac.ch\/wp-content\/uploads\/2026\/07\/martina-scaled-1-683x1024.jpg 683w, https:\/\/see-lac.ch\/wp-content\/uploads\/2026\/07\/martina-scaled-1-200x300.jpg 200w, https:\/\/see-lac.ch\/wp-content\/uploads\/2026\/07\/martina-scaled-1-768x1152.jpg 768w, https:\/\/see-lac.ch\/wp-content\/uploads\/2026\/07\/martina-scaled-1-50x75.jpg 50w, https:\/\/see-lac.ch\/wp-content\/uploads\/2026\/07\/martina-scaled-1-1600x2400.jpg 1600w, https:\/\/see-lac.ch\/wp-content\/uploads\/2026\/07\/martina-scaled-1-1024x1536.jpg 1024w, https:\/\/see-lac.ch\/wp-content\/uploads\/2026\/07\/martina-scaled-1-1366x2048.jpg 1366w, https:\/\/see-lac.ch\/wp-content\/uploads\/2026\/07\/martina-scaled-1-8x12.jpg 8w, https:\/\/see-lac.ch\/wp-content\/uploads\/2026\/07\/martina-scaled-1.jpg 1707w\" sizes=\"auto, (max-width: 683px) 100vw, 683px\" \/><\/figure><div class=\"wp-block-media-text__content\">\n<p class=\"wp-block-paragraph\">Martina Heubi, admin. Mitarbeiterin<br>martina.heubi@feuerwehr-see.ch<br>026 672 30 20<\/p>\n<\/div><\/div>\n\n\n<div class=\"gb-container gb-container-0ad30d44\">\n\n<h2 class=\"gb-headline gb-headline-8eb476e3 gb-headline-text\">Finanzverwaltung<\/h2>\n\n\n\n<div class=\"wp-block-media-text is-stacked-on-mobile\" style=\"grid-template-columns:18% auto\"><figure class=\"wp-block-media-text__media\"><img loading=\"lazy\" decoding=\"async\" width=\"683\" height=\"1024\" src=\"https:\/\/see-lac.ch\/wp-content\/uploads\/2026\/08\/See_Lac_FiV_Sandra-Raemy-683x1024.jpg\" alt=\"\" class=\"wp-image-1232 size-full\" srcset=\"https:\/\/see-lac.ch\/wp-content\/uploads\/2026\/08\/See_Lac_FiV_Sandra-Raemy-683x1024.jpg 683w, https:\/\/see-lac.ch\/wp-content\/uploads\/2026\/08\/See_Lac_FiV_Sandra-Raemy-200x300.jpg 200w, https:\/\/see-lac.ch\/wp-content\/uploads\/2026\/08\/See_Lac_FiV_Sandra-Raemy-768x1152.jpg 768w, https:\/\/see-lac.ch\/wp-content\/uploads\/2026\/08\/See_Lac_FiV_Sandra-Raemy-50x75.jpg 50w, https:\/\/see-lac.ch\/wp-content\/uploads\/2026\/08\/See_Lac_FiV_Sandra-Raemy-1600x2400.jpg 1600w, https:\/\/see-lac.ch\/wp-content\/uploads\/2026\/08\/See_Lac_FiV_Sandra-Raemy-1024x1536.jpg 1024w, https:\/\/see-lac.ch\/wp-content\/uploads\/2026\/08\/See_Lac_FiV_Sandra-Raemy-1366x2048.jpg 1366w, https:\/\/see-lac.ch\/wp-content\/uploads\/2026\/08\/See_Lac_FiV_Sandra-Raemy-8x12.jpg 8w, https:\/\/see-lac.ch\/wp-content\/uploads\/2026\/08\/See_Lac_FiV_Sandra-Raemy-scaled.jpg 1707w\" sizes=\"auto, (max-width: 683px) 100vw, 683px\" \/><\/figure><div class=\"wp-block-media-text__content\">\n<p class=\"wp-block-paragraph\">Sandra Raemy, Finanzverwaltung<br>sandra.raemy@gurmels.ch<br>026 674 93 34<\/p>\n<\/div><\/div>\n\n<\/div>\n<\/div>\n\n\n<p class=\"wp-block-paragraph\"><\/p>\n","protected":false},"excerpt":{"rendered":"<p>Gesch\u00e4ftsstelle und Finanzverwaltung Gesch\u00e4ftsstelle Silvia Hyka, Leiterin Gesch\u00e4ftsstellesilvia.hyka@see-lac.ch026 672 30 20076 242 49 75 Emilie Bertrang, admin. Mitarbeiterinemilie.bertrand@feuerwehr-see.ch026 672 30 20 Martina Heubi, admin. Mitarbeiterinmartina.heubi@feuerwehr-see.ch026 672 30 20 Finanzverwaltung Sandra &#8230; <a title=\"Administration et Finances\" class=\"read-more\" href=\"https:\/\/see-lac.ch\/fr\/geschaeftsstelle-und-finanzverwaltung\/\" aria-label=\"En savoir plus sur Gesch\u00e4ftsstelle und Finanzverwaltung\">Lire la suite<\/a><\/p>","protected":false},"author":1,"featured_media":0,"parent":0,"menu_order":0,"comment_status":"closed","ping_status":"closed","template":"","meta":{"_EventAllDay":false,"_EventTimezone":"","_EventStartDate":"","_EventEndDate":"","_EventStartDateUTC":"","_EventEndDateUTC":"","_EventShowMap":false,"_EventShowMapLink":false,"_EventURL":"","_EventCost":"","_EventCostDescription":"","_EventCurrencySymbol":"","_EventCurrencyCode":"","_EventCurrencyPosition":"","_EventDateTimeSeparator":"","_EventTimeRangeSeparator":"","_EventOrganizerID":[],"_EventVenueID":[],"_OrganizerEmail":"","_OrganizerPhone":"","_OrganizerWebsite":"","_VenueAddress":"","_VenueCity":"","_VenueCountry":"","_VenueProvince":"","_VenueState":"","_VenueZip":"","_VenuePhone":"","_VenueURL":"","_VenueStateProvince":"","_VenueLat":"","_VenueLng":"","_VenueShowMap":false,"_VenueShowMapLink":false,"footnotes":""},"class_list":["post-298","page","type-page","status-publish"],"_links":{"self":[{"href":"https:\/\/see-lac.ch\/fr\/wp-json\/wp\/v2\/pages\/298","targetHints":{"allow":["GET"]}}],"collection":[{"href":"https:\/\/see-lac.ch\/fr\/wp-json\/wp\/v2\/pages"}],"about":[{"href":"https:\/\/see-lac.ch\/fr\/wp-json\/wp\/v2\/types\/page"}],"author":[{"embeddable":true,"href":"https:\/\/see-lac.ch\/fr\/wp-json\/wp\/v2\/users\/1"}],"replies":[{"embeddable":true,"href":"https:\/\/see-lac.ch\/fr\/wp-json\/wp\/v2\/comments?post=298"}],"version-history":[{"count":26,"href":"https:\/\/see-lac.ch\/fr\/wp-json\/wp\/v2\/pages\/298\/revisions"}],"predecessor-version":[{"id":1234,"href":"https:\/\/see-lac.ch\/fr\/wp-json\/wp\/v2\/pages\/298\/revisions\/1234"}],"wp:attachment":[{"href":"https:\/\/see-lac.ch\/fr\/wp-json\/wp\/v2\/media?parent=298"}],"curies":[{"name":"wp","href":"https:\/\/api.w.org\/{rel}","templated":true}]}}

<style>.wp-block-kadence-advancedheading.kt-adv-heading298_ab6922-49, .wp-block-kadence-advancedheading.kt-adv-heading298_ab6922-49[data-kb-block="kb-adv-heading298_ab6922-49"]{font-style:normal;}.wp-block-kadence-advancedheading.kt-adv-heading298_ab6922-49 mark.kt-highlight, .wp-block-kadence-advancedheading.kt-adv-heading298_ab6922-49[data-kb-block="kb-adv-heading298_ab6922-49"] mark.kt-highlight{font-style:normal;color:#f76a0c;-webkit-box-decoration-break:clone;box-decoration-break:clone;padding-top:0px;padding-right:0px;padding-bottom:0px;padding-left:0px;}.wp-block-kadence-advancedheading.kt-adv-heading298_ab6922-49 img.kb-inline-image, .wp-block-kadence-advancedheading.kt-adv-heading298_ab6922-49[data-kb-block="kb-adv-heading298_ab6922-49"] img.kb-inline-image{width:150px;vertical-align:baseline;}</style>
<h2 class="kt-adv-heading298_ab6922-49 wp-block-kadence-advancedheading" data-kb-block="kb-adv-heading298_ab6922-49">Geschäftsstelle und Finanzverwaltung</h2>


<div class="gb-container gb-container-3270fc17 alignfull gbp-section">
<div class="gb-container gb-container-22e2cecb gbp-section__inner">
<div class="gb-container gb-container-9354bce1">

<h1 class="gb-headline gb-headline-969e9702 gb-headline-text gbp-section__headline"></h1>



<div class="gb-headline gb-headline-91f9ed9b gb-headline-text gbp-section__text"></div>

</div>
</div>
</div>

<div class="gb-container gb-container-23c10787 gbp-section">

<h2 class="gb-headline gb-headline-5a2a07cb gb-headline-text">Geschäftsstelle</h2>



<div class="wp-block-media-text is-stacked-on-mobile" style="grid-template-columns:19% auto"><figure class="wp-block-media-text__media"><img loading="lazy" decoding="async" width="683" height="1024" src="https://see-lac.ch/wp-content/uploads/2026/07/See_Lac_GL_Silvia-Hyka-683x1024.jpg" alt="" class="wp-image-1056 size-full" srcset="https://see-lac.ch/wp-content/uploads/2026/07/See_Lac_GL_Silvia-Hyka-683x1024.jpg 683w, https://see-lac.ch/wp-content/uploads/2026/07/See_Lac_GL_Silvia-Hyka-200x300.jpg 200w, https://see-lac.ch/wp-content/uploads/2026/07/See_Lac_GL_Silvia-Hyka-768x1152.jpg 768w, https://see-lac.ch/wp-content/uploads/2026/07/See_Lac_GL_Silvia-Hyka-50x75.jpg 50w, https://see-lac.ch/wp-content/uploads/2026/07/See_Lac_GL_Silvia-Hyka-1600x2400.jpg 1600w, https://see-lac.ch/wp-content/uploads/2026/07/See_Lac_GL_Silvia-Hyka-1024x1536.jpg 1024w, https://see-lac.ch/wp-content/uploads/2026/07/See_Lac_GL_Silvia-Hyka-1366x2048.jpg 1366w, https://see-lac.ch/wp-content/uploads/2026/07/See_Lac_GL_Silvia-Hyka-8x12.jpg 8w, https://see-lac.ch/wp-content/uploads/2026/07/See_Lac_GL_Silvia-Hyka-scaled.jpg 1707w" sizes="auto, (max-width: 683px) 100vw, 683px" /></figure><div class="wp-block-media-text__content">
<p class="wp-block-paragraph">Silvia Hyka, Leiterin Geschäftsstelle<br>silvia.hyka@see-lac.ch<br>026 672 30 20<br>076 242 49 75</p>
</div></div>



<div class="wp-block-media-text is-stacked-on-mobile" style="grid-template-columns:19% auto"><figure class="wp-block-media-text__media"><img loading="lazy" decoding="async" width="683" height="1024" src="https://see-lac.ch/wp-content/uploads/2026/07/072-f2025-683x1024.jpg" alt="" class="wp-image-953 size-full"/></figure><div class="wp-block-media-text__content">
<p class="wp-block-paragraph">Emilie Bertrang, admin. Mitarbeiterin<br>emilie.bertrand@feuerwehr-see.ch<br>026 672 30 20</p>
</div></div>



<div class="wp-block-media-text is-stacked-on-mobile" style="grid-template-columns:18% auto"><figure class="wp-block-media-text__media"><img loading="lazy" decoding="async" width="683" height="1024" src="https://see-lac.ch/wp-content/uploads/2026/07/martina-scaled-1-683x1024.jpg" alt="" class="wp-image-1088 size-full" srcset="https://see-lac.ch/wp-content/uploads/2026/07/martina-scaled-1-683x1024.jpg 683w, https://see-lac.ch/wp-content/uploads/2026/07/martina-scaled-1-200x300.jpg 200w, https://see-lac.ch/wp-content/uploads/2026/07/martina-scaled-1-768x1152.jpg 768w, https://see-lac.ch/wp-content/uploads/2026/07/martina-scaled-1-50x75.jpg 50w, https://see-lac.ch/wp-content/uploads/2026/07/martina-scaled-1-1600x2400.jpg 1600w, https://see-lac.ch/wp-content/uploads/2026/07/martina-scaled-1-1024x1536.jpg 1024w, https://see-lac.ch/wp-content/uploads/2026/07/martina-scaled-1-1366x2048.jpg 1366w, https://see-lac.ch/wp-content/uploads/2026/07/martina-scaled-1-8x12.jpg 8w, https://see-lac.ch/wp-content/uploads/2026/07/martina-scaled-1.jpg 1707w" sizes="auto, (max-width: 683px) 100vw, 683px" /></figure><div class="wp-block-media-text__content">
<p class="wp-block-paragraph">Martina Heubi, admin. Mitarbeiterin<br>martina.heubi@feuerwehr-see.ch<br>026 672 30 20</p>
</div></div>


<div class="gb-container gb-container-0ad30d44">

<h2 class="gb-headline gb-headline-8eb476e3 gb-headline-text">Finanzverwaltung</h2>



<div class="wp-block-media-text is-stacked-on-mobile" style="grid-template-columns:18% auto"><figure class="wp-block-media-text__media"><img loading="lazy" decoding="async" width="683" height="1024" src="https://see-lac.ch/wp-content/uploads/2026/08/See_Lac_FiV_Sandra-Raemy-683x1024.jpg" alt="" class="wp-image-1232 size-full" srcset="https://see-lac.ch/wp-content/uploads/2026/08/See_Lac_FiV_Sandra-Raemy-683x1024.jpg 683w, https://see-lac.ch/wp-content/uploads/2026/08/See_Lac_FiV_Sandra-Raemy-200x300.jpg 200w, https://see-lac.ch/wp-content/uploads/2026/08/See_Lac_FiV_Sandra-Raemy-768x1152.jpg 768w, https://see-lac.ch/wp-content/uploads/2026/08/See_Lac_FiV_Sandra-Raemy-50x75.jpg 50w, https://see-lac.ch/wp-content/uploads/2026/08/See_Lac_FiV_Sandra-Raemy-1600x2400.jpg 1600w, https://see-lac.ch/wp-content/uploads/2026/08/See_Lac_FiV_Sandra-Raemy-1024x1536.jpg 1024w, https://see-lac.ch/wp-content/uploads/2026/08/See_Lac_FiV_Sandra-Raemy-1366x2048.jpg 1366w, https://see-lac.ch/wp-content/uploads/2026/08/See_Lac_FiV_Sandra-Raemy-8x12.jpg 8w, https://see-lac.ch/wp-content/uploads/2026/08/See_Lac_FiV_Sandra-Raemy-scaled.jpg 1707w" sizes="auto, (max-width: 683px) 100vw, 683px" /></figure><div class="wp-block-media-text__content">
<p class="wp-block-paragraph">Sandra Raemy, Finanzverwaltung<br>sandra.raemy@gurmels.ch<br>026 674 93 34</p>
</div></div>

</div>
</div>


<p class="wp-block-paragraph"></p>

<p>Geschäftsstelle und Finanzverwaltung Geschäftsstelle Silvia Hyka, Leiterin Geschäftsstellesilvia.hyka@see-lac.ch026 672 30 20076 242 49 75 Emilie Bertrang, admin. Mitarbeiterinemilie.bertrand@feuerwehr-see.ch026 672 30 20 Martina Heubi, admin. Mitarbeiterinmartina.heubi@feuerwehr-see.ch026 672 30 20 Finanzverwaltung Sandra &#8230; <a title="Administration et Finances" class="read-more" href="https://see-lac.ch/fr/geschaeftsstelle-und-finanzverwaltung/" aria-label="En savoir plus sur Geschäftsstelle und Finanzverwaltung">Lire la suite</a></p>
